{"id":742,"date":"2026-04-17T17:30:29","date_gmt":"2026-04-17T17:30:29","guid":{"rendered":"https:\/\/lirium.pt\/?post_type=product&#038;p=742"},"modified":"2026-04-18T07:52:04","modified_gmt":"2026-04-18T07:52:04","slug":"howea","status":"publish","type":"product","link":"https:\/\/lirium.pt\/?product=howea","title":{"rendered":"Howea"},"content":{"rendered":"<p data-start=\"0\" data-end=\"65\">Mais conhecida como kentia, a\u00a0Howea \u00e9 uma planta de interior elegante e muito resistente, ideal para criar ambientes sofisticados e naturais. Destaca-se pelas suas folhas longas e arqueadas, que d\u00e3o um toque tropical a qualquer espa\u00e7o.<\/p>\n<p data-start=\"276\" data-end=\"532\" data-is-last-node=\"\" data-is-only-node=\"\">Prefere locais com luz indireta, tolera alguma sombra e deve ser regada moderadamente, mantendo o substrato ligeiramente h\u00famido sem encharcar. \u00c9 uma excelente op\u00e7\u00e3o para casas e escrit\u00f3rios, especialmente para quem procura uma planta de baixa manuten\u00e7\u00e3o \ud83c\udf31<\/p>\n<p><em>*Fotografia de refer\u00eancia, produto pode diferir ligeiramente<\/em><\/p>\n<p>REF: 742<\/p>\n","protected":false},"excerpt":{"rendered":"<p>Mais conhecida como kentia, a\u00a0Howea \u00e9 uma planta de interior elegante e muito resistente, ideal para criar ambientes sofisticados e naturais. Destaca-se pelas suas folhas longas e arqueadas, que d\u00e3o um toque tropical a qualquer espa\u00e7o. Prefere locais com luz indireta, tolera alguma sombra e deve ser regada moderadamente, mantendo [&hellip;]<\/p>\n","protected":false},"featured_media":743,"template":"","meta":[],"product_brand":[],"product_cat":[22],"product_tag":[],"class_list":{"0":"post-742","1":"product","2":"type-product","3":"status-publish","4":"has-post-thumbnail","6":"product_cat-plantas-de-interior-2","8":"first","9":"instock","10":"featured","11":"shipping-taxable","12":"purchasable","13":"product-type-simple"},"_links":{"self":[{"href":"https:\/\/lirium.pt\/index.php?rest_route=\/wp\/v2\/product\/742","targetHints":{"allow":["GET"]}}],"collection":[{"href":"https:\/\/lirium.pt\/index.php?rest_route=\/wp\/v2\/product"}],"about":[{"href":"https:\/\/lirium.pt\/index.php?rest_route=\/wp\/v2\/types\/product"}],"wp:featuredmedia":[{"embeddable":true,"href":"https:\/\/lirium.pt\/index.php?rest_route=\/wp\/v2\/media\/743"}],"wp:attachment":[{"href":"https:\/\/lirium.pt\/index.php?rest_route=%2Fwp%2Fv2%2Fmedia&parent=742"}],"wp:term":[{"taxonomy":"product_brand","embeddable":true,"href":"https:\/\/lirium.pt\/index.php?rest_route=%2Fwp%2Fv2%2Fproduct_brand&post=742"},{"taxonomy":"product_cat","embeddable":true,"href":"https:\/\/lirium.pt\/index.php?rest_route=%2Fwp%2Fv2%2Fproduct_cat&post=742"},{"taxonomy":"product_tag","embeddable":true,"href":"https:\/\/lirium.pt\/index.php?rest_route=%2Fwp%2Fv2%2Fproduct_tag&post=742"}],"curies":[{"name":"wp","href":"https:\/\/api.w.org\/{rel}","templated":true}]}}