{"id":745,"date":"2026-04-15T17:47:03","date_gmt":"2026-04-15T17:47:03","guid":{"rendered":"https:\/\/lirium.pt\/?post_type=product&#038;p=745"},"modified":"2026-04-18T07:45:49","modified_gmt":"2026-04-18T07:45:49","slug":"platycerium-varens","status":"publish","type":"product","link":"https:\/\/lirium.pt\/?product=platycerium-varens","title":{"rendered":"Platycerium Varens"},"content":{"rendered":"<p data-start=\"0\" data-end=\"199\">A <strong data-start=\"2\" data-end=\"37\">Platycerium bifurcatum \u2018Varens\u2019<\/strong>, tamb\u00e9m conhecida como samambaia-chifre-de-veado, \u00e9 uma planta ep\u00edfita de aspeto ex\u00f3tico, muito apreciada pelas suas folhas decorativas que lembram galhadas \ud83c\udf3f\ud83e\udd8c<\/p>\n<p data-start=\"201\" data-end=\"488\" data-is-last-node=\"\" data-is-only-node=\"\">Prefere ambientes com boa luminosidade indireta e elevada humidade, sendo ideal para cultivo em suportes verticais ou vasos suspensos. Deve ser regada de forma moderada, permitindo alguma secagem entre regas, e beneficia de um substrato leve e bem drenado, adequado a plantas ep\u00edfitas \ud83c\udf31<\/p>\n<p><em>*Fotografia de refer\u00eancia, produto pode diferir ligeiramente<\/em><\/p>\n<p>REF: 745<\/p>\n","protected":false},"excerpt":{"rendered":"<p>A Platycerium bifurcatum \u2018Varens\u2019, tamb\u00e9m conhecida como samambaia-chifre-de-veado, \u00e9 uma planta ep\u00edfita de aspeto ex\u00f3tico, muito apreciada pelas suas folhas decorativas que lembram galhadas \ud83c\udf3f\ud83e\udd8c Prefere ambientes com boa luminosidade indireta e elevada humidade, sendo ideal para cultivo em suportes verticais ou vasos suspensos. Deve ser regada de forma moderada, [&hellip;]<\/p>\n","protected":false},"featured_media":785,"template":"","meta":[],"product_brand":[],"product_cat":[18],"product_tag":[],"class_list":{"0":"post-745","1":"product","2":"type-product","3":"status-publish","4":"has-post-thumbnail","6":"product_cat-plantas-de-exterior","8":"first","9":"instock","10":"featured","11":"shipping-taxable","12":"purchasable","13":"product-type-simple"},"_links":{"self":[{"href":"https:\/\/lirium.pt\/index.php?rest_route=\/wp\/v2\/product\/745","targetHints":{"allow":["GET"]}}],"collection":[{"href":"https:\/\/lirium.pt\/index.php?rest_route=\/wp\/v2\/product"}],"about":[{"href":"https:\/\/lirium.pt\/index.php?rest_route=\/wp\/v2\/types\/product"}],"wp:featuredmedia":[{"embeddable":true,"href":"https:\/\/lirium.pt\/index.php?rest_route=\/wp\/v2\/media\/785"}],"wp:attachment":[{"href":"https:\/\/lirium.pt\/index.php?rest_route=%2Fwp%2Fv2%2Fmedia&parent=745"}],"wp:term":[{"taxonomy":"product_brand","embeddable":true,"href":"https:\/\/lirium.pt\/index.php?rest_route=%2Fwp%2Fv2%2Fproduct_brand&post=745"},{"taxonomy":"product_cat","embeddable":true,"href":"https:\/\/lirium.pt\/index.php?rest_route=%2Fwp%2Fv2%2Fproduct_cat&post=745"},{"taxonomy":"product_tag","embeddable":true,"href":"https:\/\/lirium.pt\/index.php?rest_route=%2Fwp%2Fv2%2Fproduct_tag&post=745"}],"curies":[{"name":"wp","href":"https:\/\/api.w.org\/{rel}","templated":true}]}}