{"id":756,"date":"2026-04-15T18:11:37","date_gmt":"2026-04-15T18:11:37","guid":{"rendered":"https:\/\/lirium.pt\/?post_type=product&#038;p=756"},"modified":"2026-04-17T20:42:27","modified_gmt":"2026-04-17T20:42:27","slug":"anthurium-a-sierra-c-vaso","status":"publish","type":"product","link":"https:\/\/lirium.pt\/?product=anthurium-a-sierra-c-vaso","title":{"rendered":"Anthurium A.Sierra c\/vaso"},"content":{"rendered":"<p data-start=\"0\" data-end=\"157\">O Anthurium \u2018A. Sierra\u2019 \u00e9 uma planta tropical ornamental de grande eleg\u00e2ncia, conhecida pelas suas folhas verdes brilhantes e flores ex\u00f3ticas e duradouras \ud83c\udf3a<\/p>\n<p data-start=\"159\" data-end=\"424\" data-is-last-node=\"\" data-is-only-node=\"\">Prefere ambientes com boa luminosidade indireta, temperaturas amenas e alguma humidade. Deve ser regado de forma moderada, mantendo o substrato ligeiramente h\u00famido sem encharcar, e desenvolve-se melhor em solos leves e bem drenados, ideais para plantas tropicais.<\/p>\n<p>*Fotografia real do produto<\/p>\n<p>REF: 756<\/p>\n","protected":false},"excerpt":{"rendered":"<p>O Anthurium \u2018A. Sierra\u2019 \u00e9 uma planta tropical ornamental de grande eleg\u00e2ncia, conhecida pelas suas folhas verdes brilhantes e flores ex\u00f3ticas e duradouras \ud83c\udf3a Prefere ambientes com boa luminosidade indireta, temperaturas amenas e alguma humidade. Deve ser regado de forma moderada, mantendo o substrato ligeiramente h\u00famido sem encharcar, e desenvolve-se [&hellip;]<\/p>\n","protected":false},"featured_media":769,"template":"","meta":[],"product_brand":[],"product_cat":[22],"product_tag":[],"class_list":{"0":"post-756","1":"product","2":"type-product","3":"status-publish","4":"has-post-thumbnail","6":"product_cat-plantas-de-interior-2","8":"first","9":"instock","10":"featured","11":"shipping-taxable","12":"purchasable","13":"product-type-simple"},"_links":{"self":[{"href":"https:\/\/lirium.pt\/index.php?rest_route=\/wp\/v2\/product\/756","targetHints":{"allow":["GET"]}}],"collection":[{"href":"https:\/\/lirium.pt\/index.php?rest_route=\/wp\/v2\/product"}],"about":[{"href":"https:\/\/lirium.pt\/index.php?rest_route=\/wp\/v2\/types\/product"}],"wp:featuredmedia":[{"embeddable":true,"href":"https:\/\/lirium.pt\/index.php?rest_route=\/wp\/v2\/media\/769"}],"wp:attachment":[{"href":"https:\/\/lirium.pt\/index.php?rest_route=%2Fwp%2Fv2%2Fmedia&parent=756"}],"wp:term":[{"taxonomy":"product_brand","embeddable":true,"href":"https:\/\/lirium.pt\/index.php?rest_route=%2Fwp%2Fv2%2Fproduct_brand&post=756"},{"taxonomy":"product_cat","embeddable":true,"href":"https:\/\/lirium.pt\/index.php?rest_route=%2Fwp%2Fv2%2Fproduct_cat&post=756"},{"taxonomy":"product_tag","embeddable":true,"href":"https:\/\/lirium.pt\/index.php?rest_route=%2Fwp%2Fv2%2Fproduct_tag&post=756"}],"curies":[{"name":"wp","href":"https:\/\/api.w.org\/{rel}","templated":true}]}}