{"id":789,"date":"2026-04-18T08:13:54","date_gmt":"2026-04-18T08:13:54","guid":{"rendered":"https:\/\/lirium.pt\/?post_type=product&#038;p=789"},"modified":"2026-04-18T08:18:03","modified_gmt":"2026-04-18T08:18:03","slug":"hedera-pendente","status":"publish","type":"product","link":"https:\/\/lirium.pt\/?product=hedera-pendente","title":{"rendered":"Hedera Pendente"},"content":{"rendered":"<p data-start=\"91\" data-end=\"400\">A <strong data-start=\"93\" data-end=\"113\">Hedera Suspens\u00e3o<\/strong> \u00e9 uma planta ornamental, normalmente da esp\u00e9cie <em data-start=\"162\" data-end=\"176\">Hedera helix<\/em> (hera inglesa), muito usada em decora\u00e7\u00e3o de interiores e exteriores. Caracteriza-se pelos seus ramos longos e pendentes com folhas verdes densas, criando um efeito elegante quando colocada em vasos suspensos ou prateleiras.<\/p>\n<p data-start=\"402\" data-end=\"675\">\u00c9 uma planta <strong data-start=\"415\" data-end=\"451\">resistente e de f\u00e1cil manuten\u00e7\u00e3o<\/strong>, que se adapta bem a luz indireta ou meia-sombra e requer rega moderada (geralmente semanal). Al\u00e9m do valor decorativo, \u00e9 tamb\u00e9m conhecida por ajudar a <strong data-start=\"604\" data-end=\"634\">melhorar a qualidade do ar<\/strong>. <span class=\"\" data-state=\"closed\"><\/span><\/p>\n<p><em>*Fotografia de refer\u00eancia, produto pode diferir ligeiramente<\/em><\/p>\n<p>REF: 789<\/p>\n","protected":false},"excerpt":{"rendered":"<p>A Hedera Suspens\u00e3o \u00e9 uma planta ornamental, normalmente da esp\u00e9cie Hedera helix (hera inglesa), muito usada em decora\u00e7\u00e3o de interiores e exteriores. Caracteriza-se pelos seus ramos longos e pendentes com folhas verdes densas, criando um efeito elegante quando colocada em vasos suspensos ou prateleiras. \u00c9 uma planta resistente e de [&hellip;]<\/p>\n","protected":false},"featured_media":790,"template":"","meta":[],"product_brand":[],"product_cat":[18,22],"product_tag":[],"class_list":{"0":"post-789","1":"product","2":"type-product","3":"status-publish","4":"has-post-thumbnail","6":"product_cat-plantas-de-exterior","7":"product_cat-plantas-de-interior-2","9":"first","10":"instock","11":"shipping-taxable","12":"purchasable","13":"product-type-simple"},"_links":{"self":[{"href":"https:\/\/lirium.pt\/index.php?rest_route=\/wp\/v2\/product\/789","targetHints":{"allow":["GET"]}}],"collection":[{"href":"https:\/\/lirium.pt\/index.php?rest_route=\/wp\/v2\/product"}],"about":[{"href":"https:\/\/lirium.pt\/index.php?rest_route=\/wp\/v2\/types\/product"}],"wp:featuredmedia":[{"embeddable":true,"href":"https:\/\/lirium.pt\/index.php?rest_route=\/wp\/v2\/media\/790"}],"wp:attachment":[{"href":"https:\/\/lirium.pt\/index.php?rest_route=%2Fwp%2Fv2%2Fmedia&parent=789"}],"wp:term":[{"taxonomy":"product_brand","embeddable":true,"href":"https:\/\/lirium.pt\/index.php?rest_route=%2Fwp%2Fv2%2Fproduct_brand&post=789"},{"taxonomy":"product_cat","embeddable":true,"href":"https:\/\/lirium.pt\/index.php?rest_route=%2Fwp%2Fv2%2Fproduct_cat&post=789"},{"taxonomy":"product_tag","embeddable":true,"href":"https:\/\/lirium.pt\/index.php?rest_route=%2Fwp%2Fv2%2Fproduct_tag&post=789"}],"curies":[{"name":"wp","href":"https:\/\/api.w.org\/{rel}","templated":true}]}}